5 and 106?
53
Calculate the highest common factor of 1050 and 112.
14
Calculate the greatest common factor of 40 and 6590.
10
Calculate the highest common factor of 460 and 17365.
115
Calculate the greatest common factor of 96 and 2208.
96
What is the highest common factor of 20167 and 1876?
469
Calculate the highest common divisor of 1702 and 148.
74
Calculate the greatest common factor of 22 and 803.
11
Calculate the highest common divisor of 8896 and 139.
139
Calculate the greatest common factor of 106 and 14.
2
What is the highest common factor of 70 and 350?
70
Calculate the greatest common factor of 86411 and 299.
299
What is the highest common factor of 100 and 1325?
25
What is the highest common divisor of 1218 and 714?
42
What is the highest common divisor of 23 and 28267?
23
What is the highest common divisor of 2873 and 153?
17
What is the highest common factor of 704 and 2904?
88
Calculate the highest common divisor of 608 and 114.
38
What is the highest common divisor of 5180 and 770?
70
What is the greatest common factor of 287 and 427?
7
What is the greatest common divisor of 29791 and 31?
31
What is the greatest common divisor of 33 and 4675?
11
What is the greatest common divisor of 72 and 252?
36
Calculate the highest common divisor of 63 and 77.
7
Calculate the highest common factor of 100 and 8.
4
What is the greatest common divisor of 17 and 7?
1
What is the greatest common divisor of 1323 and 54?
27
Calculate the highest common divisor of 332 and 8.
4
What is the highest common factor of 34 and 4250?
34
What is the highest common divisor of 41 and 1312?
41
Calculate the highest common divisor of 832 and 13.
13
Calculate the highest common divisor of 140 and 180.
20
Calculate the highest common factor of 6853 and 77.
77
Calculate the highest common factor of 539 and 98.
49
Calculate the greatest common factor of 5002 and 82.
82
Calculate the greatest common factor of 633 and 9.
3
Calculate the highest common factor of 1800 and 216.
72
Calculate the highest common factor of 835 and 2.
1
Calculate the greatest common factor of 19 and 551.
19
Calculate the highest common factor of 4 and 2334.
2
Calculate the greatest common factor of 544 and 11288.
136
What is the greatest common factor of 52 and 2366?
26
What is the highest common divisor of 7161 and 693?
231
Calculate the highest common factor of 330 and 48.
6
Calculate the greatest common divisor of 143 and 1963.
13
Calculate the greatest common divisor of 98 and 14.
14
Calculate the greatest common divisor of 90 and 35.
5
What is the greatest common factor of 38 and 4997?
19
Calculate the highest common factor of 420 and 252.
84
Calculate the highest common factor of 52 and 286.
26
What is the greatest common divisor of 261 and 348?
87
Calculate the highest common factor of 13 and 3991.
13
What is the greatest common factor of 2424 and 96?
24
What is the greatest common divisor of 167 and 41416?
167
What is the highest common factor of 86 and 387?
43
What is the highest common divisor of 117 and 247?
13
What is the greatest common factor of 31 and 19871?
31
What is the greatest common divisor of 1680 and 84?
84
Calculate the highest common factor of 56 and 189.
7
What is the greatest common divisor of 140 and 30?
10
What is the highest common factor of 125 and 2275?
25
Calculate the highest common factor of 18 and 2610.
18
Calculate the greatest common factor of 285 and 3515.
95
Calculate the highest common factor of 372 and 24.
12
Calculate the highest common factor of 9 and 16.
1
Calculate the highest common divisor of 252 and 15204.
84
What is the highest common factor of 1011 and 24?
3
What is the highest common divisor of 12753 and 117?
117
What is the greatest common factor of 171 and 76?
19
What is the greatest common factor of 165 and 759?
33
Calculate the greatest common factor of 110 and 638.
22
What is the greatest common factor of 36 and 4464?
36
Calculate the greatest common factor of 132 and 1276.
44
Calculate the highest common factor of 1786 and 456.
38
Calculate the highest common divisor of 144 and 696.
24
Calculate the highest common divisor of 35 and 98.
7
Calculate the greatest common factor of 45 and 895.
5
What is the greatest common factor of 574 and 1025?
41
Calculate the highest common divisor of 10 and 250.
10
Calculate the greatest common divisor of 2310 and 3630.
330
Calculate the highest common factor of 3 and 591.
3
What is the greatest common factor of 128 and 320?
64
Calculate the greatest common divisor of 3232 and 64.
32
What is the greatest common factor of 175 and 28?
7
Calculate the greatest common divisor of 9 and 279.
9
Calculate the greatest common divisor of 1593 and 27.
27
What is the highest common divisor of 36 and 1132?
4
Calculate the greatest common factor of 8 and 824.
8
What is the greatest common divisor of 980 and 10?
10
What is the highest common divisor of 7 and 13818?
7
What is the greatest common divisor of 1072 and 3685?
67
What is the greatest common factor of 11908 and 104?
52
What is the greatest common factor of 39 and 2496?
39
What is the highest common factor of 644 and 92?
92
What is the greatest common divisor of 108 and 24?
12
What is the highest common divisor of 304 and 48?
16
What is the greatest common factor of 776 and 32?
8
What is the greatest common factor of 10 and 6?
2
What is the highest common divisor of 4646 and 46?
46
What is the highest common factor of 200 and 50?
50
Calculate the greatest common divisor of 14 and 3976.
14
Calculate the greatest common factor of 114 and 35853.
57
Calculate the highest common factor of 81 and 648.
81
Calculate the greatest common divisor of 69 and 207.
69
What is the highest common divisor of 25 and 235?
5
What is the greatest common divisor of 33534 and 46?
46
Calculate the highest common factor of 12 and 24348.
12
Calculate the greatest common divisor of 5945 and 145.
145
Calculate the highest common divisor of 11 and 22.
11
What is the greatest common divisor of 156 and 52?
52
What is the greatest common factor of 688 and 1247?
43
Calculate the highest common factor of 24 and 15000.
24
Calculate the highest common divisor of 10100 and 40.
20
Calculate the greatest common factor of 4 and 130.
2
Calculate the highest common factor of 12449 and 59.
59
What is the highest common divisor of 74 and 1961?
37
What is the greatest common divisor of 120 and 2490?
30
Calculate the highest common divisor of 24 and 344.
8
What is the highest common divisor of 113 and 13?
1
Calculate the highest common divisor of 6 and 1311.
3
Calculate the highest common divisor of 83 and 43326.
83
What is the highest common divisor of 1098 and 72?
18
What is the greatest common factor of 66 and 33?
33
Calculate the highest common factor of 2750 and 154.
22
Calculate the highest common divisor of 38 and 1083.
19
What is the greatest common divisor of 118 and 9853?
59
Calculate the highest common divisor of 108 and 2241.
27
Calculate the greatest common factor of 86690 and 10.
10
Calculate the highest common factor of 13 and 9958.
13
Calculate the highest common factor of 284 and 1775.
71
Calculate the highest common factor of 129 and 6.
3
Calculate the greatest common factor of 180 and 660.
60
Calculate the greatest common factor of 266 and 38.
38
Calculate the highest common divisor of 10 and 230.
10
Calculate the greatest common factor of 2507 and 69.
23
What is the highest common factor of 19 and 2489?
19
Calculate the greatest common factor of 28 and 1162.
14
What is the greatest common divisor of 45 and 2700?
45
What is the highest common factor of 264 and 8?
8
Calculate the greatest common divisor of 9 and 30.
3
Calculate the highest common divisor of 187 and 58157.
187
What is the greatest common factor of 377 and 26?
13
Calculate the greatest common divisor of 3 and 233.
1
Calculate the highest common factor of 33348 and 6.
6
What is the greatest common factor of 8 and 2152?
8
Calculate the highest common factor of 108403 and 43.
43
What is the highest common factor of 3525 and 376?
47
Calculate the highest common divisor of 159 and 6784.
53
Calculate the highest common factor of 7279 and 29.
29
What is the greatest common factor of 4361 and 637?
49
Calculate the greatest 